{"id":9565,"date":"2023-12-22T14:51:15","date_gmt":"2023-12-22T07:51:15","guid":{"rendered":"https:\/\/architectexpo.com\/2024\/?post_type=product&#038;p=9565"},"modified":"2023-12-22T14:51:15","modified_gmt":"2023-12-22T07:51:15","slug":"cs-2290-2d-imager-bluetooth-scanner","status":"publish","type":"product","link":"https:\/\/architectexpo.com\/2024\/product\/cs-2290-2d-imager-bluetooth-scanner\/","title":{"rendered":"CS-2290 2D Imager Bluetooth Scanner"},"content":{"rendered":"<div class=\"uk-h4 uk-heading-bullet\">\u0e23\u0e32\u0e22\u0e25\u0e30\u0e40\u0e2d\u0e35\u0e22\u0e14\u0e2a\u0e34\u0e19\u0e04\u0e49\u0e32<\/div>\n<table class=\"uk-table uk-table-striped data-table\" style=\"width: 61.7414%; height: 106px;\">\n<tbody>\n<tr style=\"height: 48px;\">\n<td class=\"uk-width-small@s uk-width-medium@m\" style=\"height: 48px; width: 14.6789%;\">\u0e02\u0e19\u0e32\u0e14<\/td>\n<td style=\"height: 48px; width: 84.0979%;\">Handheld unit: 90.2mm \u00d7 70mm \u00d7 180mm; Cradle: 118mm \u00d7 89.5mm \u00d7 74mm<\/td>\n<\/tr>\n<tr style=\"height: 24px;\">\n<td class=\"uk-width-small@s uk-width-medium@m\" style=\"height: 24px; width: 14.6789%;\">\u0e19\u0e49\u0e33\u0e2b\u0e19\u0e31\u0e01<\/td>\n<td style=\"height: 24px; width: 84.0979%;\">Handheld unit: 210g; Cradle: 140g (without cable)<\/td>\n<\/tr>\n<tr style=\"height: 24px;\">\n<td class=\"uk-width-small@s uk-width-medium@m\" style=\"height: 24px; width: 14.6789%;\">\u0e15\u0e31\u0e27\u0e1a\u0e48\u0e07\u0e0a\u0e35\u0e49<\/td>\n<td style=\"height: 24px; width: 84.0979%;\">Handheld unit: LED, beeper, vibration; Cradle: LED<\/td>\n<\/tr>\n<tr style=\"height: 10px;\">\n<td class=\"uk-width-small@s uk-width-medium@m\" style=\"height: 10px; width: 14.6789%;\">\u0e01\u0e32\u0e23\u0e40\u0e0a\u0e37\u0e48\u0e2d\u0e21\u0e15\u0e48\u0e2d<\/td>\n<td style=\"height: 10px; width: 84.0979%;\">USB Keyboard, USB Virtual COM, RS232, PS\/2 Keyboard<\/td>\n<\/tr>\n<\/tbody>\n<\/table>\n","protected":false},"featured_media":9566,"parent":0,"template":"","product-category":[69],"class_list":["post-9565","product","type-product","status-publish","has-post-thumbnail","hentry","product-category-software-application"],"acf":[],"yoast_head":"<!-- This site is optimized with the Yoast SEO plugin v23.8 - https:\/\/yoast.com\/wordpress\/plugins\/seo\/ -->\n<title>CS-2290 2D Imager Bluetooth Scanner - Architectexpo<\/title>\n<meta name=\"robots\" content=\"index, follow, max-snippet:-1, max-image-preview:large, max-video-preview:-1\" \/>\n<link rel=\"canonical\" href=\"https:\/\/architectexpo.com\/2024\/product\/cs-2290-2d-imager-bluetooth-scanner\/\" \/>\n<meta property=\"og:locale\" content=\"th_TH\" \/>\n<meta property=\"og:type\" content=\"article\" \/>\n<meta property=\"og:title\" content=\"CS-2290 2D Imager Bluetooth Scanner - Architectexpo\" \/>\n<meta property=\"og:description\" content=\"\u0e23\u0e32\u0e22\u0e25\u0e30\u0e40\u0e2d\u0e35\u0e22\u0e14\u0e2a\u0e34\u0e19\u0e04\u0e49\u0e32 \u0e02\u0e19\u0e32\u0e14 Handheld unit: 90.2mm \u00d7 70mm \u00d7 18 [&hellip;]\" \/>\n<meta property=\"og:url\" content=\"https:\/\/architectexpo.com\/2024\/product\/cs-2290-2d-imager-bluetooth-scanner\/\" \/>\n<meta property=\"og:site_name\" content=\"Architectexpo\" \/>\n<meta property=\"og:image\" content=\"https:\/\/architectexpo.com\/2024\/wp-content\/uploads\/2023\/12\/product-124-20230807_175824.png\" \/>\n\t<meta property=\"og:image:width\" content=\"400\" \/>\n\t<meta property=\"og:image:height\" content=\"400\" \/>\n\t<meta property=\"og:image:type\" content=\"image\/png\" \/>\n<meta name=\"twitter:card\" content=\"summary_large_image\" \/>\n<meta name=\"twitter:label1\" content=\"Est. reading time\" \/>\n\t<meta name=\"twitter:data1\" content=\"1 \u0e19\u0e32\u0e17\u0e35\" \/>\n<script type=\"application\/ld+json\" class=\"yoast-schema-graph\">{\"@context\":\"https:\/\/schema.org\",\"@graph\":[{\"@type\":\"WebPage\",\"@id\":\"https:\/\/architectexpo.com\/2024\/product\/cs-2290-2d-imager-bluetooth-scanner\/\",\"url\":\"https:\/\/architectexpo.com\/2024\/product\/cs-2290-2d-imager-bluetooth-scanner\/\",\"name\":\"CS-2290 2D Imager Bluetooth Scanner - Architectexpo\",\"isPartOf\":{\"@id\":\"https:\/\/architectexpo.com\/2024\/#website\"},\"primaryImageOfPage\":{\"@id\":\"https:\/\/architectexpo.com\/2024\/product\/cs-2290-2d-imager-bluetooth-scanner\/#primaryimage\"},\"image\":{\"@id\":\"https:\/\/architectexpo.com\/2024\/product\/cs-2290-2d-imager-bluetooth-scanner\/#primaryimage\"},\"thumbnailUrl\":\"https:\/\/architectexpo.com\/2024\/wp-content\/uploads\/2023\/12\/product-124-20230807_175824.png\",\"datePublished\":\"2023-12-22T07:51:15+00:00\",\"dateModified\":\"2023-12-22T07:51:15+00:00\",\"breadcrumb\":{\"@id\":\"https:\/\/architectexpo.com\/2024\/product\/cs-2290-2d-imager-bluetooth-scanner\/#breadcrumb\"},\"inLanguage\":\"th\",\"potentialAction\":[{\"@type\":\"ReadAction\",\"target\":[\"https:\/\/architectexpo.com\/2024\/product\/cs-2290-2d-imager-bluetooth-scanner\/\"]}]},{\"@type\":\"ImageObject\",\"inLanguage\":\"th\",\"@id\":\"https:\/\/architectexpo.com\/2024\/product\/cs-2290-2d-imager-bluetooth-scanner\/#primaryimage\",\"url\":\"https:\/\/architectexpo.com\/2024\/wp-content\/uploads\/2023\/12\/product-124-20230807_175824.png\",\"contentUrl\":\"https:\/\/architectexpo.com\/2024\/wp-content\/uploads\/2023\/12\/product-124-20230807_175824.png\",\"width\":400,\"height\":400},{\"@type\":\"BreadcrumbList\",\"@id\":\"https:\/\/architectexpo.com\/2024\/product\/cs-2290-2d-imager-bluetooth-scanner\/#breadcrumb\",\"itemListElement\":[{\"@type\":\"ListItem\",\"position\":1,\"name\":\"Home\",\"item\":\"https:\/\/architectexpo.com\/2024\/\"},{\"@type\":\"ListItem\",\"position\":2,\"name\":\"Products\",\"item\":\"https:\/\/architectexpo.com\/2024\/product\/\"},{\"@type\":\"ListItem\",\"position\":3,\"name\":\"CS-2290 2D Imager Bluetooth Scanner\"}]},{\"@type\":\"WebSite\",\"@id\":\"https:\/\/architectexpo.com\/2024\/#website\",\"url\":\"https:\/\/architectexpo.com\/2024\/\",\"name\":\"Architectexpo\",\"description\":\"\",\"publisher\":{\"@id\":\"https:\/\/architectexpo.com\/2024\/#organization\"},\"potentialAction\":[{\"@type\":\"SearchAction\",\"target\":{\"@type\":\"EntryPoint\",\"urlTemplate\":\"https:\/\/architectexpo.com\/2024\/?s={search_term_string}\"},\"query-input\":{\"@type\":\"PropertyValueSpecification\",\"valueRequired\":true,\"valueName\":\"search_term_string\"}}],\"inLanguage\":\"th\"},{\"@type\":\"Organization\",\"@id\":\"https:\/\/architectexpo.com\/2024\/#organization\",\"name\":\"Architectexpo\",\"url\":\"https:\/\/architectexpo.com\/2024\/\",\"logo\":{\"@type\":\"ImageObject\",\"inLanguage\":\"th\",\"@id\":\"https:\/\/architectexpo.com\/2024\/#\/schema\/logo\/image\/\",\"url\":\"https:\/\/architectexpo.com\/2024\/wp-content\/uploads\/2024\/03\/logo-th-1.webp\",\"contentUrl\":\"https:\/\/architectexpo.com\/2024\/wp-content\/uploads\/2024\/03\/logo-th-1.webp\",\"width\":1810,\"height\":148,\"caption\":\"Architectexpo\"},\"image\":{\"@id\":\"https:\/\/architectexpo.com\/2024\/#\/schema\/logo\/image\/\"}}]}<\/script>\n<!-- \/ Yoast SEO plugin. -->","yoast_head_json":{"title":"CS-2290 2D Imager Bluetooth Scanner - Architectexpo","robots":{"index":"index","follow":"follow","max-snippet":"max-snippet:-1","max-image-preview":"max-image-preview:large","max-video-preview":"max-video-preview:-1"},"canonical":"https:\/\/architectexpo.com\/2024\/product\/cs-2290-2d-imager-bluetooth-scanner\/","og_locale":"th_TH","og_type":"article","og_title":"CS-2290 2D Imager Bluetooth Scanner - Architectexpo","og_description":"\u0e23\u0e32\u0e22\u0e25\u0e30\u0e40\u0e2d\u0e35\u0e22\u0e14\u0e2a\u0e34\u0e19\u0e04\u0e49\u0e32 \u0e02\u0e19\u0e32\u0e14 Handheld unit: 90.2mm \u00d7 70mm \u00d7 18 [&hellip;]","og_url":"https:\/\/architectexpo.com\/2024\/product\/cs-2290-2d-imager-bluetooth-scanner\/","og_site_name":"Architectexpo","og_image":[{"width":400,"height":400,"url":"https:\/\/architectexpo.com\/2024\/wp-content\/uploads\/2023\/12\/product-124-20230807_175824.png","type":"image\/png"}],"twitter_card":"summary_large_image","twitter_misc":{"Est. reading time":"1 \u0e19\u0e32\u0e17\u0e35"},"schema":{"@context":"https:\/\/schema.org","@graph":[{"@type":"WebPage","@id":"https:\/\/architectexpo.com\/2024\/product\/cs-2290-2d-imager-bluetooth-scanner\/","url":"https:\/\/architectexpo.com\/2024\/product\/cs-2290-2d-imager-bluetooth-scanner\/","name":"CS-2290 2D Imager Bluetooth Scanner - Architectexpo","isPartOf":{"@id":"https:\/\/architectexpo.com\/2024\/#website"},"primaryImageOfPage":{"@id":"https:\/\/architectexpo.com\/2024\/product\/cs-2290-2d-imager-bluetooth-scanner\/#primaryimage"},"image":{"@id":"https:\/\/architectexpo.com\/2024\/product\/cs-2290-2d-imager-bluetooth-scanner\/#primaryimage"},"thumbnailUrl":"https:\/\/architectexpo.com\/2024\/wp-content\/uploads\/2023\/12\/product-124-20230807_175824.png","datePublished":"2023-12-22T07:51:15+00:00","dateModified":"2023-12-22T07:51:15+00:00","breadcrumb":{"@id":"https:\/\/architectexpo.com\/2024\/product\/cs-2290-2d-imager-bluetooth-scanner\/#breadcrumb"},"inLanguage":"th","potentialAction":[{"@type":"ReadAction","target":["https:\/\/architectexpo.com\/2024\/product\/cs-2290-2d-imager-bluetooth-scanner\/"]}]},{"@type":"ImageObject","inLanguage":"th","@id":"https:\/\/architectexpo.com\/2024\/product\/cs-2290-2d-imager-bluetooth-scanner\/#primaryimage","url":"https:\/\/architectexpo.com\/2024\/wp-content\/uploads\/2023\/12\/product-124-20230807_175824.png","contentUrl":"https:\/\/architectexpo.com\/2024\/wp-content\/uploads\/2023\/12\/product-124-20230807_175824.png","width":400,"height":400},{"@type":"BreadcrumbList","@id":"https:\/\/architectexpo.com\/2024\/product\/cs-2290-2d-imager-bluetooth-scanner\/#breadcrumb","itemListElement":[{"@type":"ListItem","position":1,"name":"Home","item":"https:\/\/architectexpo.com\/2024\/"},{"@type":"ListItem","position":2,"name":"Products","item":"https:\/\/architectexpo.com\/2024\/product\/"},{"@type":"ListItem","position":3,"name":"CS-2290 2D Imager Bluetooth Scanner"}]},{"@type":"WebSite","@id":"https:\/\/architectexpo.com\/2024\/#website","url":"https:\/\/architectexpo.com\/2024\/","name":"Architectexpo","description":"","publisher":{"@id":"https:\/\/architectexpo.com\/2024\/#organization"},"potentialAction":[{"@type":"SearchAction","target":{"@type":"EntryPoint","urlTemplate":"https:\/\/architectexpo.com\/2024\/?s={search_term_string}"},"query-input":{"@type":"PropertyValueSpecification","valueRequired":true,"valueName":"search_term_string"}}],"inLanguage":"th"},{"@type":"Organization","@id":"https:\/\/architectexpo.com\/2024\/#organization","name":"Architectexpo","url":"https:\/\/architectexpo.com\/2024\/","logo":{"@type":"ImageObject","inLanguage":"th","@id":"https:\/\/architectexpo.com\/2024\/#\/schema\/logo\/image\/","url":"https:\/\/architectexpo.com\/2024\/wp-content\/uploads\/2024\/03\/logo-th-1.webp","contentUrl":"https:\/\/architectexpo.com\/2024\/wp-content\/uploads\/2024\/03\/logo-th-1.webp","width":1810,"height":148,"caption":"Architectexpo"},"image":{"@id":"https:\/\/architectexpo.com\/2024\/#\/schema\/logo\/image\/"}}]}},"_links":{"self":[{"href":"https:\/\/architectexpo.com\/2024\/wp-json\/wp\/v2\/product\/9565","targetHints":{"allow":["GET"]}}],"collection":[{"href":"https:\/\/architectexpo.com\/2024\/wp-json\/wp\/v2\/product"}],"about":[{"href":"https:\/\/architectexpo.com\/2024\/wp-json\/wp\/v2\/types\/product"}],"version-history":[{"count":1,"href":"https:\/\/architectexpo.com\/2024\/wp-json\/wp\/v2\/product\/9565\/revisions"}],"predecessor-version":[{"id":9567,"href":"https:\/\/architectexpo.com\/2024\/wp-json\/wp\/v2\/product\/9565\/revisions\/9567"}],"wp:featuredmedia":[{"embeddable":true,"href":"https:\/\/architectexpo.com\/2024\/wp-json\/wp\/v2\/media\/9566"}],"wp:attachment":[{"href":"https:\/\/architectexpo.com\/2024\/wp-json\/wp\/v2\/media?parent=9565"}],"wp:term":[{"taxonomy":"product-category","embeddable":true,"href":"https:\/\/architectexpo.com\/2024\/wp-json\/wp\/v2\/product-category?post=9565"}],"curies":[{"name":"wp","href":"https:\/\/api.w.org\/{rel}","templated":true}]}}